 1. Let t be c(1). Suppose p + 10 - 1 = t. What is the units digit of (-6)/p*(13 - 1)?
8
Suppose 124 + 92 = -3*p. What is the tens digit of ((-15)/10)/(3/p)?
3
Suppose -3*w = -0*w - 21. Let l(a) = -5*a - 24. Let b(z) = -9*z - 47. Let f(y) = w*l(y) - 4*b(y). What is the units digit of f(-8)?
2
Let k(o) = 3*o**2 - 7*o + 65. What is the units digit of k(5)?
5
Suppose -3*q = -2*q + 147. Let r = q + 323. What is the hundreds digit of r?
1
Let x be (2 + 1/1)*-1. Let v = x - -18. What is the tens digit of v?
1
Let p(l) = -l**3 - 4*l**2 - 7*l - 5. Suppose 8*u + 9*u + 119 = 0. What is the hundreds digit of p(u)?
1
What is the hundreds digit of (-5110)/(-6) + (6 - (-100)/(-15))?
8
Let b be (-5)/(-2) + 36/8. What is the tens digit of 1162/b - (-8)/(-2)?
6
Suppose 6 = -5*i + 56. Let q = i - 5. Suppose -q*j = -4*j - 21. What is the tens digit of j?
2
Suppose 4*t + k - 178 = -k, -2*k - 174 = -4*t. Suppose 0 = -y + 3*y + t. Let v = y + 24. What is the units digit of v?
2
Let x be (-458)/4 - (-2)/4. Suppose -m - 15 = -i - 3*m, m - 30 = -3*i. What is the tens digit of x/i*9/(-6)?
1
Suppose 4*p + 14 = 2. What is the units digit of 36*(-16)/36*p?
8
Suppose 0 = -j - 5, 4*x - 2*j = 3*j + 1325. Let w = -218 + x. What is the units digit of w?
7
Suppose 89 = 5*q - 396. Suppose 0 = 2*i - q - 15. Suppose 0 = -4*c + 2*c + i. What is the tens digit of c?
2
Let w(f) = 2*f**3 - 7*f + 4. Let i(v) = 2*v**3 - 6*v + 3. Let j be 0 + (-1 - 0) - 4. Let n(t) = j*w(t) + 6*i(t). What is the tens digit of n(2)?
1
Suppose 0 = 4*k + 12, -2*x + 4*k + 660 = 2*x. What is the units digit of x?
2
Let x(l) = 24*l - 420. What is the tens digit of x(35)?
2
Let f = 5 + -3. Suppose 3*x + 9 = 0, x - 35 = -0*r - f*r. What is the tens digit of r?
1
Let c be -1 - -3 - 4/(-2). Let r(d) = -3*d + 43. Let f be r(14). What is the units digit of c/(f - 2 - -2)?
4
Suppose -2*a + 5*n = -11, 2*n - 3 + 20 = -a. Let v(g) = -3*g - 14. What is the units digit of v(a)?
7
Suppose 44*t - 38*t = 23490. What is the tens digit of t?
1
Suppose -9*k + 920 = -2293. What is the hundreds digit of k?
3
Suppose -4*k = -9 - 19. Suppose -4*r + 5 + k = 0. Suppose r*u - 2*o - 11 = 2*u, -3*o = 12. What is the units digit of u?
3
Suppose -2*t = -8*t + 12. What is the units digit of (-3)/t - (-134)/4?
2
Let m = -50 + 77. Suppose -10 = -2*t - 5*o, 6*o - o + 20 = 0. Let g = m - t. What is the tens digit of g?
1
Let w(c) = 280*c + 534. What is the hundreds digit of w(8)?
7
Let s = -13 + 19. Let d = 16 - s. Let u(f) = f**3 - 10*f**2 + 2*f - 9. What is the units digit of u(d)?
1
Let x = 7 - -258. Let t = 521 - x. What is the hundreds digit of t?
2
Suppose 0 = 15*b - 1237 - 2663. What is the hundreds digit of b?
2
Suppose 0 = 2*q + 6*h - h + 88, -5*q - 2*h = 220. Let f = 26 + q. What is the tens digit of (-462)/f + 1/3?
2
Suppose 2*j - 2 = 3*x - 30, 4*j - x + 36 = 0. Let a = 14 + j. Let t = a + 14. What is the tens digit of t?
2
Suppose 0 = -5*h + 2*h + w + 11, -3*h + 4*w + 17 = 0. Suppose 1444 = 5*r + c, -5*c = -r - h*c + 291. What is the hundreds digit of r?
2
Let t(f) = 8*f**2 + 2*f - 2. Suppose 0 = 2*s + 4*s - 18. Let i be t(s). Let q = i + -39. What is the units digit of q?
7
Suppose -10*v + 186 = -4*v. Suppose -v = 3*n - 4*z, 2*n + 5*z + 13 = -0*z. Let y = 33 - n. What is the tens digit of y?
4
Let v(s) = 5*s**3 + 3*s**2 + s - 1. Let l(f) = -f**3 + f**2 + f. Let j(w) = 6*l(w) + v(w). What is the units digit of j(5)?
4
Let n be 7/3 + 4/(-12). Suppose -55 = -n*i - 3*m, 0*m + m - 49 = -2*i. What is the tens digit of i?
2
Suppose -4*t = -3*u - 15, -t - 2*u + 0 + 12 = 0. What is the units digit of (-159)/(-18) - (-1)/t?
9
Let f(z) = 61*z + 5. Let n be f(3). What is the units digit of (n/(-5))/((-8)/20)?
4
Let v = -13 - -16. Suppose -a + 2*z + 149 = -2*z, -v*z - 153 = -a. Suppose 8*f - 5*f = a. What is the tens digit of f?
5
Let g(p) = 2*p**2 - 68*p - 2. What is the hundreds digit of g(37)?
2
Suppose -157*j - 2358 = -159*j. What is the tens digit of j?
7
Let c = 130 - -226. Let w = c - 246. What is the units digit of w?
0
Suppose -3*o - 510 = -r - 6*o, -r + 2*o = -525. What is the hundreds digit of r?
5
Let z = -1174 + 3895. What is the tens digit of z?
2
What is the units digit of 12/(-4)*-6*7768/36?
4
Suppose 6*c - 224 = -2*c. Let q = -2 + 5. Let b = c + q. What is the units digit of b?
1
Let v be (-1)/1*(3 - 4). Let c(h) = -3*h**2 + 3*h**2 + h**2 - 10*h + v. What is the units digit of c(10)?
1
Let u = 68 - 31. Let g = u + -35. What is the units digit of g?
2
Suppose f - 9235 = -4*z - 1176, 0 = -z - 4*f + 1996. Suppose -z = -5*l - 3*l. What is the hundreds digit of l?
2
Let h be (-1)/(-3) + 3 + 35/3. What is the tens digit of -15*-11*5/h?
5
Suppose 3*w + 379*j = 382*j + 6588, 0 = -3*w - 4*j + 6574. What is the hundreds digit of w?
1
Let h(i) = 2*i**3 - 74*i**2 - 54*i + 118. What is the tens digit of h(38)?
5
Let y = -3986 - -5757. What is the hundreds digit of y?
7
Let t(q) = q**3 + 3*q**2 + 2471. What is the thousands digit of t(0)?
2
Let d(c) be the third derivative of -c**4/24 + 3*c**2. Let k be d(-3). Suppose -8 = -3*n - u - 2, -5*u = -k*n + 24. What is the units digit of n?
3
Let x = 2110 - -836. What is the hundreds digit of x?
9
Let y(a) = 4*a**3 - 2*a**2 + 1. Let w be y(1). Suppose 5*p - 68 - 149 = w*h, -4*p - 3*h = -152. What is the tens digit of p?
4
Let y be 1/(1 + 270/(-267)). Let b = y - -52. Let g = b + 53. What is the units digit of g?
6
Suppose -252 = 2*k + 224. Let b be 2/(-3) - k/42. Let r = 12 - b. What is the units digit of r?
7
Let d(m) = -171*m + 84. What is the units digit of d(-9)?
3
Suppose -4*v - 468 = 4*g, -4*g + 2*v = -0*g + 438. Let b = -215 - g. Let i = b + 158. What is the tens digit of i?
5
Let m(b) = b**2 + 2*b. Let w be m(6). Suppose 4*j - 8*j + w = 0. Let r = 0 + j. What is the tens digit of r?
1
Let s(r) = -r**2 + 8*r. Let v(w) = -3*w**2 - 3*w. Let f be v(-3). Let k = -11 - f. What is the units digit of s(k)?
7
Suppose -3*s - m = 4*m - 2074, m = -3*s + 2090. What is the tens digit of s?
9
Suppose k + 3*k + 3*u = 61, k + 3*u - 13 = 0. Suppose -p - k*p = -969. What is the tens digit of p?
5
Let n(x) = -2*x**3 - 11*x**2 + 11*x - 36. What is the tens digit of n(-10)?
5
Let t(w) = 4*w + 20. Let d be t(10). Suppose d*g = 65*g - 695. What is the tens digit of g?
3
Let s = -25 + 29. Let p(n) = -n**3 + 3*n**2 + 5*n - 2. Let m be p(s). Suppose -2*u + 31 = y, -4*y + 4*u - m = -78. What is the tens digit of y?
2
Let s = 90 + -43. What is the tens digit of s?
4
Suppose 21 = 2*f - f - 4*b, -56 = -3*f + 5*b. Suppose -14*n = -f*n + 30. What is the units digit of n?
0
Let r be 32/(-18) - -2 - (-2)/(-9). Suppose -3*t + 2*v + 2*v = -227, r = -4*t + 5*v + 301. What is the units digit of t?
9
Suppose 0 = 36*c + 74204 - 202976. What is the units digit of c?
7
Let u be -4 - -3 - 9/3 - -10. Suppose u*i - 355 = 377. What is the units digit of i?
2
Let q = -207 - -115. Let x be (-2)/(-10)*(1 - -1)*-5. What is the units digit of (3 - x)*q/(-20)?
3
Let h(b) = -5*b + 20 - 11*b**2 - b**3 - 42 - b**2. What is the units digit of h(-12)?
8
Suppose 3*p + 5 - 26 = 0. Let a(w) = -w**3 + 6*w**2 + 8*w - 8. Let x be a(p). Let d = 29 - x. What is the units digit of d?
0
Let z be 2014/3 - 1/(-6)*-2. Suppose 3*t - z + 257 = 0. What is the tens digit of t?
3
Let l = 1066 + -1054. What is the units digit of l?
2
Let u = -30 - -34. Let t(v) = v**3 - 3*v**2 + 4*v - 9. What is the tens digit of t(u)?
2
Suppose -b - 2 = -4. Let f(o) = b + 8*o - 2 - 6. What is the tens digit of f(5)?
3
Let w = 2147 - 1522. What is the units digit of w?
5
Let i = 11 - 14. Let n(y) = 7*y**2 + y + 4. What is the units digit of n(i)?
4
Let v(c) = c**3 - 6*c**2 - 2*c + 2. Let m be v(5). Suppose 13*p - 3*p - 180 = 0. Let a = p - m. What is the units digit of a?
1
Let p be 1*3 + (4 + 11)/5. What is the tens digit of (13 + p/(-2))*7?
7
Let q(k) = 20*k - 183. What is the units digit of q(26)?
7
What is the tens digit of (1162/(-126) - -9) + (-4394)/(-9)?
8
Let p be (2 - (-40)/(-12))*-3 - -11. Let u(l) = 20*l + 2. Let v be u(2). Let r = v - p. What is the units digit of r?
7
Let w(z) = -z**2 + 9*z + 3. Let o be w(-9). Let i = o - -351. What is the tens digit of i?
9
Let g(z) = -z**3 + 2*z**2 + 6*z - 7. Let v be g(5). Suppose -5*s + w + 366 = 0, 0 = -s + 3*w + 84 - 8. Le